 Let u(i) = -2*i + 7. Let h be u(1). Calculate the highest common divisor of h and d.
5
Suppose -2*t = -13*t + 77. Let d(p) = -4*p + 119. Let v be d(t). What is the highest common factor of 52 and v?
13
Suppose 56*q - 60*q + 24 = 0, -3*f = -5*q - 177. What is the highest common divisor of 24 and f?
3
Suppose 2*l + 806 = -3*q + 8*q, 0 = -5*q - 4*l + 818. Let x = -71 + q. Let w be (-4)/(-10) - (-126)/10. What is the highest common divisor of w and x?
13
Let r be (-3)/2 + ((-180180)/(-40))/11. Suppose -8*v = -16 - 80. Calculate the highest common divisor of r and v.
12
Let d be 3/18*3*6. Let z(y) = y**2 - 2*y + 6. Suppose 0 = 3*s + 3 - 12. Let f be z(s). What is the greatest common divisor of d and f?
3
Suppose -2*r - 2*r + 425 = 3*f, 0 = 2*r - f - 225. Let p = -439 - -449. Suppose 41*h = 42*h - p. Calculate the highest common divisor of h and r.
10
Let w = 6 - 4. Let t be 3/(0 - w/(-90)). Suppose -137*g + 2253 = 198. Calculate the greatest common divisor of g and t.
15
Let p(g) = 18*g**3 - 5*g**2 - 6*g - 2. Let k be p(-2). Let i = -120 - k. What is the greatest common divisor of 136 and i?
34
Suppose -u = -13*u + 60. Suppose 0 = 2*q + u - 17. Let v(s) = s**3 - 6*s**2 + 6. Let g be v(q). Calculate the highest common divisor of g and 48.
6
Let x = -1764 + 2091. What is the highest common divisor of 12 and x?
3
Let o = 46 - 523. Let a = 736 + o. Let w = a - 147. Calculate the highest common factor of 16 and w.
16
Let v(t) = 40*t - 52. Let q be v(7). Suppose 12 = -8*n + q. What is the greatest common factor of 18 and n?
9
Let n be ((-1500)/180)/((-47)/(-144) - (-4)/(-12)). What is the highest common divisor of n and 4650?
150
Let m be (132/(-48) - -9)/(1/108). Let g be ((-60)/9)/(5/(m/(-10))). What is the greatest common divisor of 198 and g?
18
Suppose 5*q - 1915 - 3389 = -2*s, 0 = 2*s - 2*q - 5248. What is the greatest common divisor of 49 and s?
7
Let h = 44 - 36. Suppose 8 = 4*d + 2*p, p = -3*d + 5*d - h. Suppose d*x + 120 = 4*b - x, -3*b + 2*x + 95 = 0. What is the highest common divisor of 5 and b?
5
Let s = -155 + 153. Let b be (s + (-3 - -3))*(-459)/18. What is the highest common divisor of b and 255?
51
Suppose -5*j = 2*k - 4, 0 = 3*j + 2*k - 10 + 6. Suppose 5*b = j, -4*l + 10*b + 264 = 14*b. Calculate the highest common divisor of l and 165.
33
Let f be 2/6 - (-53)/3. Suppose -10*t - 3*k = -9*t - 30, 3*t + 3*k - 84 = 0. Let g be (0 + t/(-12))*2*-36. Calculate the highest common factor of g and f.
18
Let c = -1811 + 1873. Calculate the highest common divisor of 961 and c.
31
Suppose 33*q = -47*q + 39*q. Let n(a) = -7*a**3 + a**2 + a + 1. Let o be n(2). Let y be -1 + q + (-2 - o)/1. Calculate the greatest common divisor of 69 and y.
23
Let k = 3870 - 3570. Calculate the greatest common factor of 975 and k.
75
Let f = 3298 + -3262. Calculate the greatest common factor of f and 132.
12
Let v(l) = 11715*l + 471. Let w be v(1). Calculate the highest common divisor of w and 9.
9
Let b(v) = 125*v**2 + v + 2. Let w be b(-2). Let k(x) = -4*x - 118. Let i be k(-42). What is the greatest common divisor of w and i?
50
Let u(p) = 4*p + 2. Let h be u(5). Let x be 16 + 20/4 + -5. Suppose 69 = 3*q + 15*j - x*j, 50 = 2*q - 2*j. What is the greatest common divisor of q and h?
22
Let i be (-16)/(0 - 1) - (-78 - -82). Suppose k - 46 = -4*l, -7*k - 135 = -i*k - l. What is the highest common factor of k and 8?
2
Suppose -4588*q - 4781 = -3785*q - 40916. Suppose -2*i + 1080 = i. Calculate the highest common divisor of q and i.
45
Suppose d - 4*u = 5124, -21 = -u - 22. What is the highest common factor of 400 and d?
80
Suppose 0 = 4*v + 6*v + 20. Let j be 5 + 45/(-10) + (-365)/v. Suppose 4*h - j = 33. Calculate the highest common divisor of h and 6.
6
Let w(c) be the second derivative of -5*c**3/6 - 13*c**2/2 - 3*c. Let q be w(-9). Let j be (14 + (-91)/7)*4. What is the highest common factor of j and q?
4
Let t(l) = -9*l**2 + 19*l - 96. Let s be t(9). Let b be s/(-18) - 4/12. What is the highest common divisor of b and 28?
4
Suppose 0 = 4*g - 3*y - 23, -5*g + 0*y + 55 = 5*y. Let c = g - -80. Calculate the greatest common divisor of c and 22.
22
Let d(f) = 2*f + 2. Let b be d(1). Suppose 5*y - 15 = 4*y - 3*t, b*t = -2*y + 26. What is the greatest common factor of y and 99?
9
Let h = 46410 + -45605. Calculate the greatest common divisor of 1127 and h.
161
Suppose -4*k = -k - 126. Suppose -7*g = 3*g - 1240. Suppose 7*n - g + 26 = 0. What is the greatest common divisor of n and k?
14
Let m(t) = t**2 + 17*t - 5. Let d be m(13). Let f(p) be the first derivative of 35*p**2/2 - 22. Let s be f(1). Calculate the greatest common factor of s and d.
35
Suppose 6*q - 322 = -2*j + 2*q, 805 = 5*j - 3*q. Suppose -4*a = -j - 619. Calculate the highest common divisor of a and 60.
15
Suppose -10*f + 13*f - 3*n - 30 = 0, -4*f - 3*n + 26 = 0. Let v be (-90)/(-2) + (5 - f). Calculate the highest common divisor of v and 84.
42
Suppose 11*w - 34 - 2 - 30 = 0. What is the greatest common divisor of w and 13074?
6
Let x(m) = -m**2 - 64*m - 823. Let u be x(-31). Calculate the highest common factor of 620 and u.
20
Suppose 62*i = 556 + 2110. Let d = 91 + -33. Let r = d - i. Calculate the highest common factor of r and 25.
5
Let v(c) = -c - 13. Let f be v(-17). Calculate the highest common divisor of 1236 and f.
4
Let n be ((20900/77)/(-38))/((-15)/42). Suppose -108 = -3*z + 162. What is the highest common factor of z and n?
10
Suppose 0 = 261*h - 961109 - 316486. What is the greatest common factor of h and 165?
55
Let i(c) = -c**3 + 8*c**2 - 6*c + 8. Let n be i(7). Let l = 1699 - 1678. Calculate the highest common divisor of n and l.
3
Let b = 8463 - 8407. What is the greatest common factor of b and 7?
7
Suppose -5*j + 8453 = 5*l - 12287, 3*l + 20724 = 5*j. Let m = j + -2362. Let p be (m/8 - -1) + (0 - 0). What is the highest common factor of 32 and p?
32
Suppose b = 2*d - 1035, -5*d + 1798 + 773 = 3*b. Let q = d - 345. Let k = -44 - -63. What is the greatest common divisor of q and k?
19
Suppose 0 = -2*j - 117 - 13. Let t = 79 + j. Let y = t + -12. Calculate the highest common divisor of y and 16.
2
Suppose -5*n = 3*t - 2*t - 206, -3*n + 412 = 2*t. Let r = t + -87. What is the highest common divisor of 153 and r?
17
Let z = 224 + -58. Let n = z + -122. What is the highest common divisor of 99 and n?
11
Let k be -2 - 1*(-5 - 108) - 1. Let o = k + -42. What is the greatest common divisor of o and 102?
34
Let o be (-59)/(-3) + 1/3. Suppose 4*q - 7892*f - 94 = -7889*f, -5*f + 60 = 2*q. What is the highest common divisor of q and o?
5
Let a be (-1)/(-7)*189/(-54)*-80. Let p be ((-30)/a)/(6/(-64)) + -3. What is the highest common factor of 2 and p?
1
Let l(i) = 4*i**2 - 24*i - 12. Let s(a) = -5*a**2 + 26*a + 13. Let z(d) = -4*l(d) - 3*s(d). Let k be z(11). What is the greatest common divisor of k and 4?
2
Let a be ((-14)/5)/((-6)/15). Suppose 0*u - 259 = -a*u. Let s = -26 + u. What is the highest common divisor of 22 and s?
11
Let r be (13068/(-72))/(1/(-2)). What is the highest common divisor of r and 297?
33
Let w be 1/(-3)*(-17)/((-119)/(-609)). Let l(i) = -5*i + 6. Let n be l(-4). Let d = n + w. What is the greatest common factor of d and 5?
5
Let w be ((-6)/8)/((-8)/192). Let l be 6062/w + (-6)/(-27). Suppose 71 = 2*n - l. Calculate the greatest common factor of n and 12.
12
Let y be (-2 - (-10)/4)/((-2 + 25)/131560). What is the greatest common divisor of y and 455?
65
Let o = 208 - 211. Let z be ((o - -10)*-10)/(-2*1). Suppose 28 = 4*h + 5*s - 17, 4*h - 41 = -s. Calculate the highest common divisor of z and h.
5
Let z(v) = 4*v**3 - 3*v**2 + 3 - 3*v**3 + v**3 - 6*v. Let p be z(-4). Let j = -19 - p. Calculate the highest common divisor of j and 52.
26
Let w = -8268 + 9383. Calculate the greatest common factor of 2899 and w.
223
Suppose -4*g - k = -112, -4*g + g - 5*k + 84 = 0. Suppose -25*i = -227 + 52. What is the greatest common divisor of g and i?
7
Suppose 9*r - 8*r = 10*r - 360. What is the greatest common divisor of 3020 and r?
20
Let s = -208 - 8. Let j = s - -250. What is the highest common divisor of 85 and j?
17
Let c be (-138)/(-6) + (2 - (0 - -4)). Suppose 10 = 2*h - 12. Let l = c + h. What is the highest common factor of l and 4?
4
Let s be 118722/14 - ((-468)/(-42) - 11). W